 of u?
2, 3
Let v(m) = -7*m - 29. Let q(x) = -x**2 - 1. Let r(i) = i**2 - i + 3. Let d(n) = 2*q(n) + r(n). Let o(p) = -2*d(p) - v(p). What are the prime factors of o(-8)?
83
Suppose -66*y + 15 = -71*y. What are the prime factors of 1*y - (-286 + 56)?
227
Let w = 6984 - 6083. List the prime factors of w.
17, 53
Let x be (416/260)/(4/5). Suppose -4*t - h + 2*h + 3213 = 0, -2*t + 1594 = x*h. List the prime factors of t.
2, 401
Let s = 110 + -101. Suppose -s + 90 = -3*c + 3*f, -52 = 2*c - 4*f. Let m = c - -148. List the prime factors of m.
2, 3, 5
Let r = 85341 + -39568. List the prime factors of r.
7, 13, 503
Let p(u) = u**2 + 3*u - 23. Let b be p(11). Let x be 0 + (4 - 2) + 0. Suppose -180 = -2*v - 2*d, -x*v + 4*d + b + 61 = 0. What are the prime factors of v?
2, 23
List the prime factors of (-1 - 21783/(-9))/(341/(-363) + 1).
11, 19, 191
Suppose 50 = -19*u + 9*u. Let y be (u/(-25) + -2)*10/(-3). Suppose 1267 = d + y*d. List the prime factors of d.
181
Let q = 6550 + -2729. Suppose 1077 - q = -7*r. List the prime factors of r.
2, 7
Let a be 53/5 - (-4 - (-69)/15). Suppose 0 = -2*v + a*v - 7200. List the prime factors of v.
2, 3, 5
Let s be 344 + 2 + 3 + 1. Let g = 423 - s. List the prime factors of g.
73
Suppose 6*w + 12 = 0, 0 = -z - 6*w + 4*w + 7716. List the prime factors of z.
2, 5, 193
Let k = 59326 - 39956. What are the prime factors of k?
2, 5, 13, 149
Let h(v) = v**3 + 8*v**2 - 9*v + 2. Let n be h(-9). Let d(j) = 10 + 5*j**3 - 4*j**3 + 14 + 12*j - 11*j**2 - 2*j**n. What are the prime factors of d(12)?
2, 3
List the prime factors of (139368/16)/((-5)/(-10)).
3, 5807
Suppose -5*q + 37794 = -32*a + 29*a, 5*q = 4*a + 37787. List the prime factors of q.
3, 2521
Suppose -65156 = 110*a - 66*a - 58*a. What are the prime factors of a?
2, 13, 179
Let t be ((-11880)/84)/((-6)/28). Let a be 4*-2*(-3)/6. Suppose -a*w = -w - t. What are the prime factors of w?
2, 5, 11
Let k(p) = -p - 8. Suppose 0 = 3*t - 12, -3*r + 0*r - 4*t = 17. Let w be k(r). Suppose 4*b = w*b + 82. What are the prime factors of b?
2, 41
Suppose -16*p = -52391 - 83769. What are the prime factors of p?
2, 5, 23, 37
Suppose -s = -3*f - 4864, -14576 = -3*s - 8*f + 9*f. List the prime factors of s.
2, 7, 347
List the prime factors of 14142*(-12)/(-144)*(13 - -5).
3, 2357
Let j(p) = 58*p**2 + 87*p. What are the prime factors of j(-3)?
3, 29
Let k(z) = -477*z**2 - z + 7. Let m be k(-2). Let c = m - -2832. List the prime factors of c.
3, 311
What are the prime factors of (-102452)/(-15 - -8) - 5?
3, 4877
Suppose -40 = -6*p - 22. Suppose 0 = 5*z - 4*x - 838, 3*x = p*z - 0*x - 504. What are the prime factors of z?
2, 83
Suppose -3*f + 4*y + 172 = 0, 3*f + 4*y - 2*y = 202. Let u = -68 + f. List the prime factors of (-669)/(-15) + -1 + u/(-10).
2, 11
Suppose -29*n - 12*w + 30616 = -24*n, -2*w = 4*n - 24546. List the prime factors of n.
2, 5, 307
Suppose -3*b + 4*n + 18 = 0, -5*b + 6*n - 8*n + 4 = 0. Suppose 0 = 4*o + 16, b*o + 300 = -0*m + 2*m. List the prime factors of m.
2, 73
Suppose 0 = -4*a - 4*h - 18 - 2, 3*a + h + 19 = 0. Let d(m) be the first derivative of -5*m**2/2 + m + 1. What are the prime factors of d(a)?
2, 3
Let m(s) = -2*s**2 - s. Let u(o) = 12*o**2 + 16*o - 14. Let r(g) = -10*m(g) - u(g). What are the prime factors of r(7)?
2, 7, 13
Suppose -9*r + 6*r - 28 = -4*x, 4*x - 52 = -3*r. Suppose 2*b - 448 = 5*k + 134, -x = -5*k. What are the prime factors of b?
2, 37
Suppose -10*i - 9360 = -20*i. Let b = i - 644. What are the prime factors of b?
2, 73
Let p(d) = d**2 - 12*d + 28. Let n = 21 + -13. Let b be p(n). What are the prime factors of (-1414)/(-12) - b/24?
2, 59
Let x = 112 - 1190. Let t = x + 1538. List the prime factors of (3 - 5)/(1*(-8)/t).
5, 23
List the prime factors of 3004*27/(162/12).
2, 751
Suppose 6823*p + 496680 = 6853*p. List the prime factors of p.
2, 4139
What are the prime factors of (560/(-32) - -17)*-37374?
3, 6229
Suppose -262 = -v - 258. Let k(a) = 113*a**2 - 201*a. What are the prime factors of k(v)?
2, 251
Let n(q) = 17*q**2 - q + 9. Let d be n(2). Suppose 72*m = d*m - 1203. What are the prime factors of m?
401
Suppose 2*a - v = -4*v + 17, 4 = -2*a + 4*v. Suppose -a*w - 4 = 0, t + 815 = 4*t - 5*w. What are the prime factors of t?
2, 3, 5
Let l(u) = 15*u**2 - 3*u + 2. Let g be l(2). Suppose g = 4*w + 3*w. Suppose -2*m - w*m + 280 = 0. List the prime factors of m.
2, 7
Suppose 0 = -5*z + 8*r - 4*r, 5*r = -3*z. Suppose j = 5*o - 4*o - 313, -2*o - 5*j + 633 = z. What are the prime factors of o?
2, 157
Let m be (-1 - (-40)/(-12)) + 4/12. What are the prime factors of (-2)/(-1) - m - -214?
2, 5, 11
Let x be (-9422)/(-12) - (-11 + 4)/(-42). Suppose -4*i - 5*t = -2096, 2*i - x = t + 263. List the prime factors of i.
2, 131
Suppose -z - 27*s + 24*s + 11468 = 0, s + 34344 = 3*z. What are the prime factors of z?
2, 5, 229
Let w be ((-4)/(-8) - -4) + 30/(-20). Suppose 4*b = 5*x - 4118, 2*x - 4*b = w*x - 814. What are the prime factors of x?
2, 3, 137
What are the prime factors of (-71 + 27)*3/2*(-39190)/60?
11, 3919
What are the prime factors of 509075/(-50)*3*8/(-84)?
2909
Suppose 78*s - 93425 + 17801 = -59*s. List the prime factors of s.
2, 3, 23
Let s = 19673 + 1235. What are the prime factors of s?
2, 5227
Let v = 46 + -39. Suppose i + 7 = -y, -2*y = -3*i - 2*i - v. What are the prime factors of (-2)/i + 138/9?
2
Let b(y) = -6*y - 6*y**2 - 2*y**2 + 5*y. Let q be b(1). Let d(s) = -s + 16. What are the prime factors of d(q)?
5
Suppose 1681*m - 5100 = 1671*m. What are the prime factors of m?
2, 3, 5, 17
Let f be -1 + 2 + 2608/8. Suppose 5*m - f - 1113 = 0. List the prime factors of m.
2, 3
List the prime factors of ((-8)/32)/(15150/7576 - 2).
947
Let v(u) = 7*u**2 - 5*u + 21. Let b be v(4). Let r = 113 - b. Suppose 11*s - 7*s - 380 = r. List the prime factors of s.
5, 19
Suppose -2*a = 5*g - 21555, -10795 = -a + 4*g - 3*g. What are the prime factors of a?
2, 5, 13, 83
Suppose -81695 = 27*x - 15*x - 429167. What are the prime factors of x?
2, 3, 19, 127
What are the prime factors of ((-895)/(-5))/1*(271 + -64)?
3, 23, 179
List the prime factors of ((-2 - (-1316)/16)*-16)/(66/(-748)).
2, 17, 107
Let b = -32 + 32. Let l(j) = -4 + j + 14*j + b. List the prime factors of l(7).
101
What are the prime factors of (-1)/(6/(-27))*(1658 + 0)?
3, 829
Suppose -9 = -7*n + 12. Suppose 1593 = n*b + 378. What are the prime factors of b?
3, 5
Let u = -382 + -338. Let a = u + 1703. What are the prime factors of a?
983
Suppose a = -5*z + 25, -3*a - 3*z + 60 = 21. Let m(k) = -1 - 4 + 0 - a*k - 5. What are the prime factors of m(-8)?
2, 5, 7
Let w(n) = -n**3 - 11*n**2 - 10*n + 24. Let p = -58 + 48. Let d be w(p). List the prime factors of (-425)/(-40) + 9/d.
11
Let c be (-16)/((-4)/4)*1*-1. Let u(z) = z**2 + 18*z + 32. Let x be u(c). Suppose 0 = -4*w - 5*m - 0*m + 463, x = w + m - 116. List the prime factors of w.
3, 13
What are the prime factors of (-703698)/(-238) + 6/4*28/147?
2957
Suppose 0 = 5*o - 4*n - 20036, 2*o - 5*o + 4*n + 12028 = 0. List the prime factors of o.
2, 7, 11, 13
Suppose 0 = -72*g + 19*g + 106. What are the prime factors of -13 + 7 + g + 535?
3, 59
Let s(t) = -t + 8. Let v be s(4). Suppose m + 0*r - 13 = r, 2*r = v. Suppose 0 = 6*l - m*l + 747. List the prime factors of l.
83
Let s(t) = 4163*t - 509. What are the prime factors of s(2)?
7817
Suppose -s - 4*r = -40627 + 697, 5*r = -4*s + 159643. What are the prime factors of s?
2, 71, 281
Suppose -665813 = -16*n - 360578 + 583181. What are the prime factors of n?
2, 27763
Let p = -44 + 64. Suppose -5*t + 3*u + 0*u = -32, -5*u - p = 0. What are the prime factors of (-6)/(-24) - (-367)/t?
2, 23
Suppose -4*d - 16129 = -l, 4*d + 52 = 36. List the prime factors of l.
3, 41, 131
List the prime factors of (3/(-24)*-32)/(4/7937).
7937
Let w = 911 - 909. Suppose -255 = -3*m - 0*m. Suppose -w*n - 5*j - 1 + 171 = 0, -m = -n - 4*j. List the prime factors of n.
5, 17
Let d = 174 + -46. Suppose r + 3*q + 32 = 0, 4*r + 2*q + d = -q. What are the prime factors of r/(-12) - (-2)/6?
3
List the prime factors of -114*((-3)/4)/(222/17020).
3, 5, 19, 23
Let l = -39 + 26. Let x(d) be the third derivative of -d**4/8 + 17*d**3/6 + 3*d**2 - 163*d. List the prime factors of x(l).
2, 7
List the prime factors of (-4)/(-6)*34686 + 14.
2, 23